e factors of 8*(2 - (f - 3)).
2
Suppose a = -0 + 18. Let k be (a/12)/((-3)/(-22)). Let p = k - -9. List the prime factors of p.
2, 5
Suppose -4*l - 16 = 0, 2*l = -3*x + l + 41. Let z be (-5)/(x/(-6)) + 2. Suppose 0 = -2*t + z*b + 34, -2*b = -2*t + 6*t - 28. List the prime factors of t.
3
What are the prime factors of 4 + 1782/12*2?
7, 43
Let w(u) = 18*u**2 + 5*u + 8. Let n = -153 + 149. List the prime factors of w(n).
2, 3, 23
Let l = -1 + 1. Suppose 10 = -c - 3*a, -a + 9 = 2*c + 4. Suppose l = c*s + 5*d - 210, -2*d = -6*s + 3*s + 131. What are the prime factors of s?
43
Suppose 0 = -m - 4*v + 2384, -4673 = -5*m - 5*v + 7247. List the prime factors of m.
2, 149
Suppose -2*y = -p - 802, 2*p - 119 = -y + 287. List the prime factors of y.
2, 3, 67
Suppose -6614 = -26*p + 23156. What are the prime factors of p?
5, 229
Let s = -548 + 1163. What are the prime factors of s/25 - 6/(-15)?
5
Let k(c) = -c**2 + 8*c - 3. Let n be k(8). Suppose 4*q + 8 - 56 = 0. What are the prime factors of n/1*q/(-18)?
2
Let n(v) = 9*v**2 - 3*v - 11. Let z be n(6). Suppose -5*j - 4*q = -z - 144, 0 = 5*q - 5. What are the prime factors of j?
3, 29
Suppose 5*t = h - 16, 0*h - 5*t + 16 = h. Let q = 156 - h. List the prime factors of q.
2, 5, 7
Suppose 183*w - 187*w + 712 = 0. List the prime factors of w.
2, 89
Suppose -8*t + 196 = -t. Let h = t - 33. List the prime factors of (-56)/35*h/2.
2
Suppose 42850 = -36*y + 113590. List the prime factors of y.
3, 5, 131
Let q be (41/(-2))/((-3)/18). Suppose 3*z - 9 = 0, -g + 3*g + 3*z = q. Suppose n = 2*n - g. List the prime factors of n.
3, 19
Suppose 0 = 5*y - 10*y + 5*r + 2990, y + 2*r - 601 = 0. List the prime factors of y.
599
Let k = -2091 + 3613. List the prime factors of k.
2, 761
Let j be -22 + (0/3)/(-3). What are the prime factors of (-11)/(j/140)*1?
2, 5, 7
Let x be (-4)/18 + (-87)/(-27). Suppose 4*a - 90 = -a. Suppose -2*p - a = -x*p. What are the prime factors of p?
2, 3
Let o be 39/26*(1 + 1). Suppose -o*f = 2*q + 70, -3*f + 2*q - 55 + 5 = 0. What are the prime factors of (0 - 12/f)*65?
3, 13
Let i(h) = -h**2 + 13*h + 15. Suppose -9*p = -14*p + 50. What are the prime factors of i(p)?
3, 5
Let i(p) = p**2 - 28. Let q = 15 + -30. List the prime factors of i(q).
197
Let k be (-12)/(-10)*(-20)/6 + 119. List the prime factors of -4*1/(-4) + k.
2, 29
Suppose 0 = -32*o + 1778 + 1518. What are the prime factors of o?
103
Suppose 2*i + 0*p = p + 11670, i - 5*p = 5844. List the prime factors of i.
2, 2917
Suppose 2*p - 5*n + 1514 = 0, -3014 = 4*p - 0*n - 3*n. Let w be (p/32)/(1/(-2)). Suppose -w - 49 = -4*b. List the prime factors of b.
2, 3
Let s be (-24)/14 - ((-4)/(-14) + 0). List the prime factors of 5/s*(-2)/5 + 107.
2, 3
Suppose m + 2*i + 14 = 0, -i + 2 + 1 = -2*m. What are the prime factors of m + 14/4 - (-133)/2?
2, 3, 11
Let q(r) = -13*r. Let w be q(-12). Suppose -u = 3*u - w. List the prime factors of u.
3, 13
Suppose -y - 1 = d, 3*d - 2*d - 17 = 2*y. Let c(o) = -o - 8. Let n be c(y). What are the prime factors of n/4 - (-153)/6?
5
Let x = -1 + 9. Suppose 3*r = 4*r - 4*j - 9, 3*j + 45 = 3*r. Suppose -x = -s + r. What are the prime factors of s?
5
Let h(f) = f**2 + 9*f + 1. Let y be h(-8). Let r(q) = q**3 + 8*q**2 + 7*q + 10. Let u be r(y). Suppose 7*g = u*g - 135. List the prime factors of g.
3, 5
Suppose o - 39 = -2*f, 180 = -o + 5*o - 4*f. Let t = 5 + o. What are the prime factors of t?
2, 3
Suppose -2*y + 6296 = -4*y. What are the prime factors of (-9)/21 - y/28?
2, 7
Suppose 2*y + 5*i - 1395 = 0, 0*y - 4*i = -4*y + 2748. List the prime factors of y.
2, 3, 5, 23
Let k = 3 + -4. Suppose 2*q + 3*q - 30 = 0. Let s = k + q. What are the prime factors of s?
5
What are the prime factors of 196 - (0 + 0 - 10/5)?
2, 3, 11
Let y(h) = 2*h**2 - 8*h + 1. Let t = 15 - 13. Suppose -t*a - 18 = -2*v - 0*a, v - 3*a = 15. What are the prime factors of y(v)?
5
Let n = -11 + 9. Let s be n/(1/((-45)/6)). List the prime factors of -4 - (-2 - s) - 1.
2, 3
Let u = -32 - -32. Suppose p + 4*p - 360 = u. List the prime factors of p.
2, 3
Suppose 5*x + p = 1848 - 403, 5*x - 5*p = 1415. Suppose d = -3*a + 4*d + x, -5*a + 482 = -4*d. List the prime factors of a.
2, 7
Suppose -i + 4*k = -k - 5, -4*k = 3*i + 4. Let a = i - -76. What are the prime factors of a?
2, 19
Let f(c) = -10*c + 1. Let k be 36/10 - (-16)/40. Let j be f(k). Let u = j + 60. List the prime factors of u.
3, 7
Suppose 189 = -3*i + 30. Let v = 112 + i. What are the prime factors of v?
59
Let l(y) = -y + 15. Let w be l(13). Suppose 3*h - 350 = -w*r, 0*r - r + 460 = 4*h. What are the prime factors of h?
2, 3, 19
Let n = -19 - -40. Let k = n + 14. Suppose 15 - k = -4*c + 4*r, 2*r = c - 3. What are the prime factors of c?
7
Suppose -195 = 3*t - 60. List the prime factors of (-2 - t) + (-10 - -8).
41
Let n(k) = k**3 + 24*k**2 + 40*k - 81. List the prime factors of n(-20).
719
Let c be 0/(0/(-1) - -1). Suppose 17*u + 0*u = -28*u. Suppose c = -5*x - f + 63, u*x + 43 = 3*x - 2*f. List the prime factors of x.
13
Let v = 1235 + -234. List the prime factors of v.
7, 11, 13
Let b(d) = -d**3 + 3*d**2 + 4*d + 2. Let u be b(4). Let i = 677 + -242. List the prime factors of u/3*i/10.
29
Suppose -25*w = -22*w + 15, -2*q + 948 = -4*w. What are the prime factors of q?
2, 29
Let n be (555/20)/((-5)/(-60)). Suppose -8*h - 72 = -g - 3*h, 5*g + 2*h - n = 0. What are the prime factors of g?
67
Let o be 16/(-6)*9/(-6). Suppose -2*q - 58 = -4*q - 5*f, 55 = q - o*f. What are the prime factors of q?
3, 13
Let h be ((-4)/(-3))/((-2)/(-3)). Suppose -9*x + 3*x + 24 = 0. Suppose x*b + h*p = 16, -4*b - 2*p = b - 18. What are the prime factors of b?
2
Suppose 1575 = 4*t - i, t + 3*t = -4*i + 1600. Suppose -2*r - 3*r = -t. List the prime factors of r.
79
Suppose 0 = 11*p - 7*p + 812. Let n = p - -339. What are the prime factors of n?
2, 17
Let w(p) = 2*p**3 + 3*p**2 - 8*p + 35. What are the prime factors of w(5)?
2, 5
Let i(n) = n**3 + 2*n**2 - 8*n + 2. Let p be i(-4). What are the prime factors of 1 + 2 + 120/p?
3, 7
Let p be 1 + 4/(-2) - -4. Let o be 15 + (p + -5)*1. Let c = o + 0. List the prime factors of c.
13
Let l be ((-20)/(-4))/(4/(-8)). Let m(d) = 2*d**2 + 16*d - 12. List the prime factors of m(l).
2, 7
Suppose 0*k - 228 = -k - y, k = 3*y + 232. What are the prime factors of k?
229
Let l be -30*(4 + 32/(-12)). What are the prime factors of (-4)/(-10) - 1144/l?
29
List the prime factors of -2*(-1086 + (13 - 12)).
2, 5, 7, 31
Let w(a) be the third derivative of -a**7/1260 - a**6/72 + a**5/10 - 5*a**2. Let z(h) be the third derivative of w(h). What are the prime factors of z(-11)?
2, 17
Suppose -235 = -s - 4*s. Let l = -17 + s. List the prime factors of l/(2 + 10/(-8)).
2, 5
Let x = -1819 - -3134. List the prime factors of x.
5, 263
Let a(h) = 12*h - 44. What are the prime factors of a(11)?
2, 11
List the prime factors of (-2)/(5*6/(-11595)).
773
Let g(a) = -a**2 - 132*a + 348. What are the prime factors of g(-67)?
4703
Let l = -1653 + 2417. List the prime factors of l.
2, 191
List the prime factors of 8/(-2)*1 + 181 + 15.
2, 3
Let j(t) = t**2 + 3*t - 2. Let w be j(-4). Let o be (-145)/(1/(w/(-2))). Suppose 0 = -18*k + 13*k + o. List the prime factors of k.
29
List the prime factors of 80/(-16) - (-7728)/(4/2).
17, 227
Let j(n) = n**2 + 10*n + 74. List the prime factors of j(-27).
13, 41
Suppose 4*s = -3*l + s + 129, 0 = -2*l - 3*s + 88. Let j = 75 + l. What are the prime factors of j?
2, 29
Suppose 5*g + 5*n - 2450 = 0, -n - n + 2450 = 5*g. List the prime factors of g.
2, 5, 7
Suppose 0 = 2*c + 3*u - 107, c - 52 = -3*u - 6. List the prime factors of c.
61
What are the prime factors of (-2248)/(-6)*24/16?
2, 281
Suppose k = r + 5, -4*k + 0*r - 4*r = -12. Suppose 95 = k*y - 69. What are the prime factors of y?
41
Let h = -1174 - -2442. List the prime factors of h.
2, 317
Let t(k) = -3*k - 20. Let m be t(-11). Let o(a) = a**2 - 12*a + 2. Let b be o(m). List the prime factors of 110*(b/6 - 2).
5, 11
Let t = -46 - -49. Suppose 0 = 4*q + 2*j - 368, -5*q - 2*j - t*j + 455 = 0. What are the prime factors of q?
3, 31
Suppose 0 = 2*b + 3*b + 5*d - 90, 3*b - 42 = 3*d. List the prime factors of 40/b*112/10.
2, 7
Let p = 130 - 68. Suppose 2*s - p = 68. What are the prime factors of s?
5, 13
Let k(o) = -3*o - 5. Le